f r?
2, 17
Suppose -9 = 2*f + o - 2*o, -f - o = 9. Let l = f + 8. List the prime factors of l.
2
Suppose 0*f = -b + 2*f - 5, -4*b + f + 15 = 0. Suppose 2*s - 2*t - 15 = b, 72 = 4*s + 4*t. List the prime factors of s.
2, 7
Suppose -4 = 4*a - 2*a. Let l = 0 - a. What are the prime factors of (l - 1)*-2 + 7?
5
Suppose -2*w - w - 3 = b, 0 = -3*b + 5*w + 47. Let v = 7 + -4. What are the prime factors of v/b - (-78)/9?
3
Let z = 584 + -337. Suppose 4*g = z - 99. What are the prime factors of g?
37
Let c = -94 - -131. What are the prime factors of c?
37
Suppose -3 = t + 2*w, -5*t - 3*w = -6*w + 15. Let b(h) = h + 7. List the prime factors of b(t).
2
Let x(w) = -3*w**2 - 2*w - 3. Let c be x(-3). Let g = 2 - c. What are the prime factors of g?
2, 13
Suppose -h = -2*h + 2. Suppose -h*f + 5 = -1. List the prime factors of f.
3
Let x be 23/5 - (-6)/(-10). Suppose 0 = -3*g - x + 34. What are the prime factors of (12/g)/(15/50)?
2
List the prime factors of 3/(4/(328/6)).
41
Let f = 6 - -2. Suppose -2*k = -0*k - f. What are the prime factors of k?
2
What are the prime factors of 4/(-14) + (-10318)/(-98)?
3, 5, 7
Suppose 0*a - 2*a = -10. Suppose t = a*v + 5*t + 8, -v = -3*t - 6. Suppose v = m + 3*m - 12. What are the prime factors of m?
3
Suppose 0 = -5*x + 4 + 6, -2*x = -4*s. Let j be s/((-3)/(2 + 7)). Let o(g) = -2*g**3 - 5*g**2 - g + 4. What are the prime factors of o(j)?
2
Let y(b) = b + 3. Let j be y(-2). Let r = 20 + -9. What are the prime factors of r + (j + -2)*2?
3
Let j(q) be the second derivative of q**5/20 + q**4/2 + q**3 + q**2 + 12*q. Suppose -4 = 5*x + 16. List the prime factors of j(x).
2, 5
What are the prime factors of (-3 - -2)/((-1)/20)?
2, 5
Suppose 0 = 2*k + 12 - 48. List the prime factors of k.
2, 3
Let w = -64 + 95. What are the prime factors of w?
31
Let r = 13 - 4. Let b = 11 + r. Let c = b + -12. List the prime factors of c.
2
Let f = -1 - -1. Suppose -5*w + 18 = -112. List the prime factors of (1/2 + f)*w.
13
Let d(z) = -z + 2*z**2 - 2*z - 3 + 0. Let u(c) = c**2 + 4*c - 8. Let t be u(-6). List the prime factors of d(t).
17
Let y(m) = m**3 - 4*m**2 - 3*m - 5. Let x be y(5). Suppose -n + 4*l = 0, n + x*l - 85 = -2*n. What are the prime factors of n?
2, 5
Let h(m) = 15*m - 3. Let v be h(6). Let n = v + -47. Suppose 3*w + 2*w - n = 0. What are the prime factors of w?
2
Let o be 0 + (-6)/1 - -3. List the prime factors of o/(-12) + (-55)/(-4).
2, 7
Let r be (-28 + 0)*(-105)/(-28). Let c = -54 - r. What are the prime factors of 4/((-12)/c)*-1?
17
Let p(r) = r**3 + r**2 - r + 55. What are the prime factors of p(0)?
5, 11
Suppose -5*w - 59 = -9. What are the prime factors of (-4)/w - (-414)/15?
2, 7
Suppose 9*z = 1390 - 22. What are the prime factors of z?
2, 19
Let f = 10 - 3. Let x = -1 + f. What are the prime factors of x?
2, 3
Suppose 0*s = 3*s - 9. Suppose -s*z = z - 156. List the prime factors of z.
3, 13
Let w(t) = 24*t**2 + 11. Let a(l) = l**3 - l - 2. Let c be a(-2). Let u(o) = 8*o**2 + 4. Let b(y) = c*u(y) + 3*w(y). What are the prime factors of b(1)?
3
Let a = 5 + 1. Let s(l) = 4*l + 4 + l**2 - a - 2*l**2. List the prime factors of s(2).
2
Suppose 4*h + 1095 = 9*h. List the prime factors of h.
3, 73
Let s(f) = f**3 - 3*f**2 - 6*f - 6. Suppose 3 = 3*n - 12. List the prime factors of s(n).
2, 7
Let c be 6/(-15) + 6/15. Suppose c = 2*y - 3 - 9. List the prime factors of y.
2, 3
Let z = 115 + -88. What are the prime factors of z?
3
Let v = -50 + 36. Let d = v - -46. List the prime factors of d.
2
Suppose 0 = -5*y + 4*w + 8 - 1, -5*y = 4*w - 23. Suppose l = y*l. Suppose r + l = 8. List the prime factors of r.
2
Let h be (-22)/6 + (-6)/(-9). Let z be h + (6 - 0) + -2. What are the prime factors of (z - -12)/1*1?
13
Let d = -14 - -20. List the prime factors of d/(-4)*(-472)/12.
59
Let c(j) = -j + 8. Let n be c(7). Let r be n + (-1 - -60) - 1. Suppose 5*v + 3 = -p + r, 0 = -v - 5*p + 16. List the prime factors of v.
11
Let n(f) = f**2 - 7*f - 10. Let t be n(7). Let h be (-102)/5 - (-4)/10. Let j = t - h. What are the prime factors of j?
2, 5
Suppose -8 = 3*h - 20. Let l be h + -2 + 4 + 0. Suppose 1 + l = g. What are the prime factors of g?
7
Let k = 0 + -11. Let v be (0 - (-9)/(-3))*k. Let j = v + -19. List the prime factors of j.
2, 7
Suppose 5*s - 4*z - 847 = 0, 4*z + 505 = -0*s + 3*s. What are the prime factors of s?
3, 19
Suppose -5*l + 481 = 5*b - 379, -184 = -l + 2*b. List the prime factors of l.
2, 11
Suppose -24 - 92 = -2*y. What are the prime factors of y?
2, 29
Let t(q) = q - 3. Let j be t(6). Let k = -16 - -18. Suppose -k*y + 9 = -j. What are the prime factors of y?
2, 3
Suppose 0 = -4*o - 4*z + 4, -2*o - 25 = -6*o + 3*z. What are the prime factors of 4/8*24/o?
3
What are the prime factors of 2230/50 + (-2)/(-5)?
3, 5
Let g(c) = -7*c - c**2 + 0*c**2 + 2*c + 1. Suppose a = 6*a + 25, -5*b = -4*a. List the prime factors of g(b).
5
Let f = 70 + -33. Let n = f + -18. List the prime factors of n.
19
Let v = 4 + -1. Suppose v*m = 1 - 16, -4*m = 5*l. Let h(a) = a**2 - 2*a - 4. List the prime factors of h(l).
2
Let s be (-3)/((-1)/8*-6). Let x = s - -6. Suppose 40 = 4*g - 2*c - x*c, -c = -4*g + 34. List the prime factors of g.
2
Let i(w) = 8. Let s(u) = u - 1. Let h(p) = -i(p) - 6*s(p). What are the prime factors of h(-1)?
2
Suppose 2*r = 5*r - 15. Suppose 0 = -r*g + 30 - 0. List the prime factors of g.
2, 3
Suppose -2*n - 3*u = 52, 3*n + 88 = 2*u + 10. Let h = -10 - n. What are the prime factors of h?
2
Let j(v) = v**2 + 3*v - 4. Let x = 4 + -9. Let k be j(x). Suppose b - k - 6 = 0. List the prime factors of b.
2, 3
Let y = -3 + 1. Let x be y/(-8) + 30/8. Suppose -16 = -x*w + 2*q + 2, 5*w - 24 = q. List the prime factors of w.
5
Suppose 3*r - 4*h + 0*h - 27 = 0, -r + 9 = -2*h. Let z(f) = f**2 - 8*f + 3. What are the prime factors of z(r)?
2, 3
Let m be (-5)/(15/(-12)) - 0. Suppose 5*k = 20, 3*k + m = 2*g - 2*k. List the prime factors of g.
2, 3
Suppose -4*r + 12 - 44 = 0. Let t be (-2)/(-8) - 70/r. Suppose -t + 0 = -i. What are the prime factors of i?
3
Suppose -3*t + 14 + 12 = -m, -2*m - 12 = -t. Suppose -k - 10 = 3*f, 0*f + 14 = -5*k + 3*f. Let z = k + t. List the prime factors of z.
2
Let m(w) = -9*w**3 + 2*w**2 - 2. List the prime factors of m(-2).
2, 3, 13
Let n(b) = -b**2 - 2*b + 7. Let q be n(-5). Let t(s) = s**2 + 7*s - 2. List the prime factors of t(q).
2, 3
Let r be 4/(-18) - (-16)/(-9). Let x = 3 - r. Suppose 10 = x*t - 0. What are the prime factors of t?
2
List the prime factors of (-264)/(-8) - (3/(-3) - 1).
5, 7
Let b(g) = g**3 + 7*g**2 - 9*g - 11. Let h be b(-8). Let c(s) be the first derivative of -s**4/2 - s**3 + s**2/2 - 4*s + 1. What are the prime factors of c(h)?
2, 5
Let s(f) = f - 1. Let l be ((-6)/10)/((-2)/10). List the prime factors of s(l).
2
Suppose -5*v - 3*t + 609 = 0, -354 - 111 = -4*v + 5*t. Suppose v = 5*p - 5*m, 98 = 5*p + 3*m + 18. List the prime factors of p.
19
Let z(u) = u**3 + 4*u**2 + 2*u + 3. Let a be z(-3). Let i = a + -4. What are the prime factors of (-38)/(-6) + i/(-6)?
2, 3
Let i = 107 - -72. List the prime factors of i.
179
Let o = -336 - -545. What are the prime factors of o?
11, 19
Let x(d) = -d**3 - 6 + 3*d - 1 - 5*d**2 + 3. Let u(t) = -6*t**2 - t - 1. Let j be u(-1). What are the prime factors of x(j)?
2, 7
Suppose 2*b + b - 3 = 0. List the prime factors of 4 - ((b - -2) + -2).
3
Suppose 4*k - 8*k + 5*j - 114 = 0, 2*k = -j - 50. Suppose -n - 4 = -2*i, 37 = n - 4*n + i. Let h = n - k. What are the prime factors of h?
2, 3
Suppose -3*w + 21 = 3*g, -4*g = g - 2*w. Suppose -g*p + 15 = -9. List the prime factors of p.
2, 3
List the prime factors of 12 - -2*(1 + 0).
2, 7
Suppose 4*x + w = 6*w - 25, 0 = -3*x - 2*w + 10. Let g = x - -4. What are the prime factors of 2/g*(-6)/(-1)?
3
Suppose -4*n = -164 + 16. List the prime factors of n.
37
What are the prime factors of (-1 + 16)*-1*-3?
3, 5
Suppose 0*m - 5*k = 2*m - 27, 4*m - 2*k = 114. List the prime factors of m.
2, 13
Suppose -3*j = b + 2*j - 26, b - 32 = j. List the prime factors of b.
31
Suppose -3*x + p = 3*p - 19, 4*x - 5*p + 13 = 0. Let n = -21 + 34. Suppose 0 = -2*g - x + n. What are the prime factors of g?
5
Suppose -3*p = z - 25, 0 = 5*z - p - 106 + 13. List the prime factors of z.
19
Let c(j) = j**3 + 10*j**2 + 7*j - 2. List t